g. List the prime factors of g.
3, 5
Suppose 612 = 4*k - 428. Suppose k = -m + 5*m. Suppose 5*w = -5*r + m, 0*w = 4*w - 5*r - 79. List the prime factors of w.
2
Let t be (-10)/(-4) + 3/(-6). Suppose -20 = -t*p + 32. List the prime factors of p.
2, 13
Let j = 5 + 1. Suppose -5*g + 0*v - 5*v = 10, 5*g - 3*v = 22. Suppose -g*y + 24 = 4*z, -3*y + 16 + j = 4*z. List the prime factors of z.
7
Suppose 3*a = -2*a + 5. Let d be (-3)/((-2)/4*a). Suppose 4*g + 4*k - 22 = d*k, -5*g = 4*k - 34. List the prime factors of g.
2, 3
Suppose h - 5*z - 4 = 0, 8 = 4*h - 2*z - 8. Suppose -10 = -u - h*x + 14, 4*u = -x + 81. List the prime factors of u.
2, 5
Let q(v) = 21*v**2 - v + 1. List the prime factors of q(2).
83
List the prime factors of 144 - (5/15)/((-1)/12).
2, 37
Let q(l) = 42*l**2 + 3*l - 2. List the prime factors of q(1).
43
Suppose q + 2*g = -2*g + 7, 0 = 4*q + g - 28. Suppose -2*i = -q*i - 50. List the prime factors of (-36)/i*(-15)/(-6).
3
Let d = -187 + 99. List the prime factors of 1/((2 - 6)/d).
2, 11
Let g(p) be the first derivative of -p**4/4 - p**3/3 + 3*p**2/2 - 2*p - 1. Let u be 1 - 2 - 4/2. List the prime factors of g(u).
7
Let v = 28 - 3. List the prime factors of v.
5
Suppose -2*g = -33 - 7. List the prime factors of g.
2, 5
Suppose -4*y - 8 = -5*l + 88, 2*l + 3*y = 20. Suppose -52 = -2*o - l. What are the prime factors of o?
2, 3
Let u(k) = k**3 - 10*k**2 + 14*k - 8. List the prime factors of u(9).
37
Let d = 25 + 32. Let s = d - 26. What are the prime factors of s?
31
Let q = 273 + -123. What are the prime factors of q?
2, 3, 5
Let v = 3 + 3. Let z = -4 + v. What are the prime factors of z?
2
Let c(d) = d**2. Suppose o = 3*o + 4. Let v(u) = 9*u**2 - 1. Let y(n) = o*c(n) + v(n). What are the prime factors of y(-1)?
2, 3
What are the prime factors of (1/1)/(1/25)?
5
What are the prime factors of 1071/7 - (0 - 0)?
3, 17
Suppose -811 - 497 = -12*y. List the prime factors of y.
109
Let o be (14/(-3))/2*-3. Suppose -4*u = 5*x - 16, x = 4*u + 5*x - 20. Suppose 4*y = o + u. What are the prime factors of y?
2
Let f(v) = v**3 - 2*v**2 + v + 4. Let h be (1/(-4))/((-2)/24). What are the prime factors of f(h)?
2
Let w = -35 + 95. List the prime factors of w.
2, 3, 5
Let x = 161 - -60. What are the prime factors of x?
13, 17
Let g = -167 - -251. What are the prime factors of g?
2, 3, 7
Let q(j) = j**3 + 13*j**2 - 14*j + 17. List the prime factors of q(-14).
17
Let m(h) = h**2 - 6*h - 3. What are the prime factors of m(7)?
2
Let x(o) = o. Let g be x(2). Suppose -2*h - g*y - 11 = -5*y, -3*h + 3*y - 18 = 0. Let u(v) = -v + 2. What are the prime factors of u(h)?
3
Let q(o) = o**2 - o + 44. What are the prime factors of q(0)?
2, 11
Let u = -3 + 6. Suppose -8*a = -u*a - 70. List the prime factors of a.
2, 7
Let u(r) be the third derivative of r**5/60 - r**3/3 - 4*r**2. Let s be u(2). Suppose -y - 5*v - 13 = 0, -5*y - v + 45 = s*v. What are the prime factors of y?
2, 3
What are the prime factors of (-4)/6 + (-176)/(-3)?
2, 29
Let s = 283 - 152. List the prime factors of s.
131
Suppose 5 = 3*c - 13. Suppose 0 = v - 8 - c. List the prime factors of v.
2, 7
Let p(l) = -l + 7*l**2 + 0*l + 3*l - l + 1. List the prime factors of p(-1).
7
Let w be 16/(-12)*(-6)/4. Suppose -w*p = -p. What are the prime factors of 8*1 + (-1 - p)?
7
Suppose -a + 44 = -39. List the prime factors of a.
83
Suppose 2*h - 51 = 9. Suppose -k = 2*k - h. Suppose -2 + k = 4*a. What are the prime factors of a?
2
Suppose 0*c = -2*c. Suppose -4*f + 13 + 11 = c. List the prime factors of f.
2, 3
Let z(n) = -36*n - 22. List the prime factors of z(-4).
2, 61
Let n = -4 - -355. List the prime factors of n/12 - 3/(-4).
2, 3, 5
Suppose 2*x - 5*x = 2*j, 0 = j + 4*x - 5. What are the prime factors of ((-14)/j)/(2/6)?
2, 7
Let h(d) = 9*d - 2. Let c be h(4). Suppose 3*q = -3*g + 177, -3*g + 181 - c = -3*q. What are the prime factors of g?
2, 3
Let u be (-1 + (-3)/(-2))*0. Suppose u*p = -4*t + 5*p + 79, 4*p = 2*t - 44. List the prime factors of t.
2
Let m(f) = f**2 - f. Let y be m(3). Suppose -y*l = -7*l + 9. List the prime factors of l.
3
Suppose -5*n + 195 = -m - 2*m, -4*m = -3*n + 117. What are the prime factors of n?
3, 13
List the prime factors of 2/6 - (-274)/6.
2, 23
Suppose -5*h + i - 25 = 0, 0 = -3*h - 2*i - 5 - 10. List the prime factors of 134/10 + 2/h.
13
List the prime factors of (-889)/(-9) - (-3)/(162/12).
3, 11
Suppose -5*k - 5 + 30 = 0, 0 = s + 4*k - 48. Suppose -2*g - 2*g = -s. List the prime factors of g.
7
Suppose 2*i - 29 = c - 10, -11 = 2*i + 5*c. What are the prime factors of i?
7
Let n = 7 - 7. Suppose -2*p = -n*p. List the prime factors of -2 + p - (-3 + -4).
5
Let t be (-32)/12*(-6)/4. Suppose -2*b - 5*j = -t, -3*j - 2*j = 0. What are the prime factors of b?
2
Suppose 8 = 3*b + 2*v, -b = -6*b - v + 11. Suppose -2*j - 16 + b = 4*u, 23 = j - 4*u. List the prime factors of j.
3
Suppose 4*v - 202 - 90 = 0. List the prime factors of v.
73
Suppose -2*s + 43 = 3*g + 12, -s = 3*g - 11. Let q be (s/(-8))/((-2)/(-4)). Let m(o) = -3*o - 6. What are the prime factors of m(q)?
3
Suppose 5*q - 13 = 12. Suppose 2*x - q*y + 1 = 0, -3*x = 2*y - 6*y - 16. List the prime factors of x.
2, 3
Let p be ((-835)/4)/((-8)/(-32)). List the prime factors of p/(-20) + (-6)/8.
41
Let j(g) = -5*g**2 - 31*g**3 - 3 - 36*g**3 + 6*g + 68*g**3. Let b = 3 - -1. What are the prime factors of j(b)?
5
Let t = 16 + -13. List the prime factors of 4*t*(-4)/(-24).
2
Let b(u) = 7*u - 18. List the prime factors of b(13).
73
What are the prime factors of 19/(20/6 + -3)?
3, 19
Let j = 30 - 26. Suppose 4*s + 28 = -4*o, 4*o + 0*s - 4*s = 12. Let g = o + j. What are the prime factors of g?
2
Let x(t) = -1 + 7*t**2 - 9*t**2 + 4 + 13*t**2. What are the prime factors of x(-2)?
47
Suppose 5*w = -42 + 12. What are the prime factors of 6/(w/64*-4)?
2
Suppose 17*h + 120 = 13*h. What are the prime factors of (-1)/(-5) + (-294)/h?
2, 5
Suppose r + 2 = 4. Let v be ((-1)/r)/((-1)/(-18)). List the prime factors of -3*(-3 + 15/v).
2, 7
Let q(h) = h - 1. Let m be q(5). Suppose 2*z + 118 = m*i, 0*z = -i - 4*z + 34. List the prime factors of i.
2, 3, 5
List the prime factors of (-2)/(-1*(4 - 296/76)).
19
Suppose -3*c + 36 + 87 = 3*g, 3*c - 47 = -g. List the prime factors of g.
2, 19
Let s(l) = -l**3 - l**2 + l + 1. Let h be s(-2). Suppose 0 = -2*v + x + 36, -h*v - 18 = -2*x - 74. What are the prime factors of v?
2
Let r(c) = c - 13. List the prime factors of r(16).
3
Suppose -2*y - 3*y = 4*k - 101, -88 = -4*y + 4*k. What are the prime factors of y?
3, 7
Let c be (1 - 0/(-3)) + 0. Let r be (-2)/(-3)*(2 + c). What are the prime factors of 1*22*1/r?
11
Let m = 7 + -2. Suppose -2*u = 4*i - 22, -8 - 27 = -m*u - 5*i. Suppose 12 = 4*f - u*f. What are the prime factors of f?
2, 3
Let l(f) = 8*f**3 + 2*f**2 - f + 6*f**3 + 6*f**3 + 1 - f. Let h be l(1). List the prime factors of 2/(-7) - (-174)/h.
2
Let v(y) = -y + 1. Let s(t) = -t**2 + 4*t - 3. Let o be s(4). List the prime factors of v(o).
2
Let d = -92 + 210. List the prime factors of d.
2, 59
Suppose -z = -6*z + 50. What are the prime factors of z?
2, 5
Suppose 0 = -2*x + 2*w + 2, -5*x = -x - 3*w - 8. Suppose -2*v - 13 = -15. Let h = x + v. What are the prime factors of h?
2, 3
Suppose -3*m = -5*r + m - 10, m + 17 = -2*r. Let d(s) = -s**2 - 6*s + 3. Let h be d(r). Suppose -h*x = -5*x - j + 24, 0 = -4*j. List the prime factors of x.
2, 3
Suppose 4*u + 2*f + 2*f - 92 = 0, 2*u - 61 = -5*f. Suppose -u = w - 2*w + 4*z, 9 = 3*z. Let j = w + -20. What are the prime factors of j?
2, 5
Suppose n + x - 67 = 0, -63 = -3*n - x + 128. What are the prime factors of n?
2, 31
Suppose -3 = 5*r - 13. Suppose 5 + r = b. List the prime factors of b.
7
Let g(v) = -2*v**2 + 3*v + 2. Let y be g(-2). What are the prime factors of 36 - -2 - y/(-4)?
5, 7
Suppose -2*r = -0*r - 2*m - 70, -m + 151 = 5*r. Suppose 0 = b - r - 3. What are the prime factors of b?
2, 17
Suppose -2*s = 3*s - 15. Suppose -4*h - h = -2*a + 12, -a + 6 = -4*h. Suppose -a*n + s*n = -39. What are the prime factors of n?
13
Let c(m) = m + 15. Suppose o = -o - 16. List the prime factors of c(o).
7
Let j(k) = 2*k**2 + 13*k. Let w(s) = -2*s**2 - 12*s - 1. Let y be 19/(-3) - 3/(-9). Let l(x) = y*w(x) - 5*j(x). What are the prime factors of l(-4)?
2, 5
Suppose 